r of 37924 and 1539?
19
Calculate the greatest common factor of 140 and 21476.
28
Calculate the highest common factor of 73800 and 54.
18
What is the greatest common divisor of 24 and 132072?
24
What is the greatest common factor of 112816 and 572?
44
Calculate the highest common divisor of 156091 and 26.
13
Calculate the highest common divisor of 78 and 106847.
13
What is the greatest common divisor of 55173 and 106?
53
Calculate the highest common factor of 688 and 2083178.
86
Calculate the greatest common factor of 28165 and 1075.
215
What is the greatest common factor of 21174 and 21?
3
Calculate the highest common factor of 17802 and 4554.
414
Calculate the greatest common factor of 7714 and 51946.
38
Calculate the highest common divisor of 63336 and 2730.
546
What is the highest common factor of 78 and 70386?
6
Calculate the highest common factor of 3880 and 28.
4
Calculate the greatest common divisor of 6526 and 806.
26
Calculate the greatest common divisor of 48 and 1862.
2
Calculate the greatest common factor of 81510 and 1995.
285
Calculate the highest common factor of 55 and 99055.
55
Calculate the highest common factor of 1476768 and 128.
32
What is the greatest common divisor of 169960 and 120?
40
What is the highest common divisor of 4081 and 28?
7
Calculate the highest common divisor of 6009309 and 162.
81
Calculate the highest common divisor of 446481 and 126.
63
Calculate the greatest common factor of 5690 and 1570.
10
Calculate the greatest common factor of 8170 and 4959.
19
What is the greatest common factor of 3815 and 318280?
545
Calculate the greatest common divisor of 96 and 35968.
32
What is the highest common divisor of 10989 and 9097?
11
What is the highest common factor of 33086 and 20970?
466
Calculate the highest common divisor of 4550 and 19850.
50
What is the highest common divisor of 56280 and 5159?
469
Calculate the greatest common factor of 260995 and 14.
7
What is the highest common factor of 1032 and 683872?
344
Calculate the highest common divisor of 846 and 1316.
94
What is the greatest common divisor of 3243 and 64578?
141
Calculate the highest common factor of 4291504 and 112.
112
Calculate the greatest common divisor of 2511 and 6399.
81
What is the highest common divisor of 30 and 13914?
6
Calculate the highest common factor of 3357 and 81.
9
What is the highest common factor of 539 and 2891?
49
What is the greatest common factor of 387 and 1719?
9
What is the greatest common factor of 145541 and 11?
11
Calculate the greatest common divisor of 1 and 5471.
1
What is the highest common factor of 816 and 9877?
17
What is the greatest common factor of 70 and 10178?
14
Calculate the greatest common divisor of 683133 and 264.
33
Calculate the greatest common divisor of 76 and 201913.
19
What is the greatest common factor of 1972 and 1856?
116
What is the greatest common factor of 401460 and 960?
60
Calculate the greatest common factor of 1082224 and 121.
121
What is the greatest common factor of 1008064 and 1520?
304
Calculate the greatest common factor of 20141 and 1126065.
1831
Calculate the greatest common factor of 130479 and 589.
31
Calculate the greatest common factor of 102704 and 128.
16
Calculate the greatest common divisor of 1127 and 34006.
49
What is the highest common divisor of 41398 and 1792?
14
What is the highest common factor of 576 and 41152?
64
What is the highest common factor of 4 and 200948?
4
Calculate the greatest common factor of 102135 and 495.
165
Calculate the highest common divisor of 56 and 1206401.
7
Calculate the greatest common divisor of 14238 and 72.
18
Calculate the greatest common factor of 586303 and 31.
31
What is the highest common factor of 2261 and 13243?
323
Calculate the greatest common factor of 133792 and 148.
148
What is the highest common divisor of 100740 and 300?
60
What is the highest common factor of 2383672 and 272?
136
Calculate the greatest common factor of 143 and 309660.
13
What is the greatest common factor of 490 and 170?
10
What is the greatest common factor of 4292 and 1740?
116
What is the greatest common divisor of 55 and 111595?
55
What is the greatest common divisor of 1211 and 63?
7
Calculate the greatest common factor of 34 and 1462.
34
What is the highest common factor of 4446 and 62946?
234
Calculate the greatest common divisor of 320517 and 15.
3
What is the greatest common divisor of 82 and 17261?
41
What is the greatest common divisor of 239 and 26768?
239
Calculate the greatest common factor of 104 and 17836.
52
What is the highest common factor of 482 and 3258?
2
Calculate the highest common factor of 735644 and 988.
52
Calculate the greatest common factor of 26292 and 56.
28
Calculate the highest common factor of 168 and 3858.
6
What is the greatest common factor of 616 and 3752?
56
What is the highest common divisor of 12288 and 240?
48
Calculate the greatest common divisor of 45 and 58005.
45
What is the highest common factor of 320 and 139120?
80
What is the highest common divisor of 17199 and 257348?
637
What is the highest common divisor of 786258 and 484?
242
What is the highest common factor of 2 and 418680?
2
Calculate the greatest common factor of 158814 and 14688.
918
Calculate the greatest common factor of 87078 and 1518.
138
Calculate the greatest common divisor of 18 and 652842.
18
What is the highest common divisor of 5566 and 11374?
242
Calculate the greatest common divisor of 7 and 1355179.
7
Calculate the highest common factor of 7124 and 83844.
548
Calculate the highest common divisor of 40397 and 21.
7
Calculate the highest common factor of 8325 and 703.
37
What is the highest common divisor of 100275 and 2800?
175
What is the highest common divisor of 3496 and 128616?
184
Calculate the greatest common factor of 1305 and 180.
45
What is the highest common divisor of 246136 and 572?
44
Calculate the greatest common factor of 2449 and 3317.
31
Calculate the highest common divisor of 131672 and 545.
109
What is the greatest common divisor of 42736 and 16?
16
What is the highest common factor of 356 and 57583?
89
What is the highest common divisor of 9252 and 70560?
36
What is the highest common divisor of 69 and 65274?
69
Calculate the highest common divisor of 920 and 3088670.
230
What is the greatest common divisor of 53922 and 7296?
114
What is the greatest common factor of 76 and 196346?
38
What is the highest common divisor of 28770 and 156?
6
What is the greatest common divisor of 4128 and 14752?
32
What is the highest common divisor of 99 and 774?
9
What is the greatest common factor of 12284135 and 535?
535
Calculate the highest common factor of 312 and 429.
39
Calculate the highest common factor of 4704 and 1281.
21
Calculate the greatest common factor of 4828851 and 563.
563
Calculate the greatest common divisor of 81 and 907713.
27
What is the greatest common divisor of 10259 and 1?
1
Calculate the greatest common factor of 4760275 and 52.
13
Calculate the greatest common factor of 4828 and 12240.
68
What is the highest common factor of 52248 and 126?
42
Calculate the greatest common factor of 116 and 119741.
29
Calculate the highest common factor of 1 and 3291.
1
Calculate the highest common factor of 10286853 and 17.
17
What is the highest common factor of 485 and 50343?
97
What is the greatest common factor of 11609 and 1027?
13
What is the greatest common divisor of 108 and 8622?
18
Calculate the greatest common factor of 170085 and 870.
435
Calculate the greatest common factor of 167448 and 16.
8
What is the greatest common factor of 552 and 3034068?
276
What is the highest common factor of 4930 and 145?
145
Calculate the greatest common divisor of 1158 and 110782.
386
What is the highest common divisor of 1592558 and 1516?
758
What is the greatest common factor of 42 and 1687?
7
Calculate the greatest common divisor of 2686 and 13272.
158
Calculate the greatest common divisor of 1659367 and 3199.
457
Calculate the greatest common divisor of 754923 and 338.
169
Calculate the greatest common divisor of 1514 and 30.
2
Calculate the greatest common factor of 306255 and 2550.
255
Calculate the greatest common factor of 442 and 5287.
17
What is the highest common factor of 2 and 1514754?
2
What is the 